{"id":10258,"date":"2026-06-10T10:12:21","date_gmt":"2026-06-10T10:12:21","guid":{"rendered":"https:\/\/www.educa.pro\/moocs\/gestion-laboral-ii-seguridad-social-derecho-procesal\/"},"modified":"2026-06-10T10:12:21","modified_gmt":"2026-06-10T10:12:21","slug":"labour-management-ii-social-security-procedural-law","status":"publish","type":"mooc_course","link":"https:\/\/educa.pro\/en\/curso\/gestion-laboral-ii-seguridad-social-derecho-procesal\/","title":{"rendered":"Labour Management II: Social Security, Procedural Law"},"content":{"rendered":"<p>The course <strong>Employment Management II: Social Security<\/strong>, <strong>Procedural law <\/strong>It is your gateway to the dynamic and essential world of employment management and social security. In an era where an understanding of social security systems and labour procedural law is more crucial than ever, this course equips you with the skills you need to excel in a sector where <strong>steady growth<\/strong> and with high demand in the job market. You\u2019ll learn about the <strong>general scheme <\/strong>Social Security, welfare provision, pensions and unemployment benefits, amongst other vital topics. Furthermore, you will delve into the field of <strong>labour procedural law,<\/strong> addressing the social jurisdiction system and the parties to labour proceedings, as well as key tools such as the systems <strong>CONTRAT@ and SILTRA<\/strong>. Choosing us means opting for a comprehensive and up-to-date training programme, designed to equip you with the skills you need to excel and develop professionally in the field of labour management.<\/p>","protected":false},"excerpt":{"rendered":"<p>Este curso est\u00e1 dirigido a profesionales y titulados del \u00e1mbito laboral interesados en profundizar en temas clave como el sistema de seguridad social, la protecci\u00f3n por desempleo y el derecho procesal laboral. Ideal para quienes buscan actualizar sus conocimientos sobre el sistema CONTRAT@, SILTRA y el orden jurisdiccional social, entre otros aspectos relevantes del sector.<\/p>","protected":false},"featured_media":0,"template":"","meta":{"site-sidebar-layout":"default","site-content-layout":"","ast-site-content-layout":"default","site-content-style":"default","site-sidebar-style":"default","ast-global-header-display":"","ast-banner-title-visibility":"","ast-main-header-display":"","ast-hfb-above-header-display":"","ast-hfb-below-header-display":"","ast-hfb-mobile-header-display":"","site-post-title":"","ast-breadcrumbs-content":"","ast-featured-img":"","footer-sml-layout":"","ast-disable-related-posts":"","theme-transparent-header-meta":"","adv-header-id-meta":"","stick-header-meta":"","header-above-stick-meta":"","header-main-stick-meta":"","header-below-stick-meta":"","astra-migrate-meta-layouts":"default","ast-page-background-enabled":"default","ast-page-background-meta":{"desktop":{"background-color":"var(--ast-global-color-5)","background-image":"","background-repeat":"repeat","background-position":"center center","background-size":"auto","background-attachment":"scroll","background-type":"","background-media":"","overlay-type":"","overlay-color":"","overlay-opacity":"","overlay-gradient":""},"tablet":{"background-color":"","background-image":"","background-repeat":"repeat","background-position":"center center","background-size":"auto","background-attachment":"scroll","background-type":"","background-media":"","overlay-type":"","overlay-color":"","overlay-opacity":"","overlay-gradient":""},"mobile":{"background-color":"","background-image":"","background-repeat":"repeat","background-position":"center center","background-size":"auto","background-attachment":"scroll","background-type":"","background-media":"","overlay-type":"","overlay-color":"","overlay-opacity":"","overlay-gradient":""}},"ast-content-background-meta":{"desktop":{"background-color":"var(--ast-global-color-4)","background-image":"","background-repeat":"repeat","background-position":"center center","background-size":"auto","background-attachment":"scroll","background-type":"","background-media":"","overlay-type":"","overlay-color":"","overlay-opacity":"","overlay-gradient":""},"tablet":{"background-color":"var(--ast-global-color-4)","background-image":"","background-repeat":"repeat","background-position":"center center","background-size":"auto","background-attachment":"scroll","background-type":"","background-media":"","overlay-type":"","overlay-color":"","overlay-opacity":"","overlay-gradient":""},"mobile":{"background-color":"var(--ast-global-color-4)","background-image":"","background-repeat":"repeat","background-position":"center center","background-size":"auto","background-attachment":"scroll","background-type":"","background-media":"","overlay-type":"","overlay-color":"","overlay-opacity":"","overlay-gradient":""}},"educalms_repo_code":"AFO0298WD","educalms_repo_id":"4974707","educalms_lang":"es","educalms_duration":"40","educalms_duration_type":"693","educalms_image":"https:\/\/cdn.educaedtech.com\/content\/Biblioteca%20de%20Imagenes%2FBanco%20de%20Imagenes%2Fa-male-accountant-works-at-a-pc-in-an-office-at-ho-2021-08-27-21-12-57-utc.jpg","educalms_tags":"Seguridad Social, R\u00e9gimen General, Acci\u00f3n protectora, Jubilaci\u00f3n, Protecci\u00f3n por desempleo, Derecho procesal laboral, Orden jurisdiccional social, Partes en el proceso laboral, Sistema Contrat@, Sistema SILTRA, Gesti\u00f3n de n\u00f3minas, Derecho laboral, Litigios laborales, Seguridad jur\u00eddica, Prestaciones sociales","educalms_tittle":"Gesti\u00f3n laboral II: Seguridad Social, Derecho procesal","educalms_type_of_training":"752","educalms_description":"<p>El curso <strong>Gesti\u00f3n laboral II: Seguridad Social<\/strong>, <strong>Derecho procesal <\/strong>es tu puerta de entrada al din\u00e1mico y esencial mundo de la gesti\u00f3n laboral y la Seguridad Social. En una era donde el conocimiento de los sistemas de Seguridad Social y el derecho procesal laboral son m\u00e1s cruciales que nunca, este curso te equipa con las habilidades necesarias para sobresalir en un sector en <strong>constante crecimiento<\/strong> y con alta demanda laboral. Aprender\u00e1s sobre el <strong>r\u00e9gimen general <\/strong>de la Seguridad Social, la acci\u00f3n protectora, la jubilaci\u00f3n, y la protecci\u00f3n por desempleo, entre otros temas vitales. Adem\u00e1s, te sumergir\u00e1s en el \u00e1mbito del <strong>derecho procesal laboral,<\/strong> abordando el orden jurisdiccional social y las partes en el proceso laboral, as\u00ed como herramientas clave como los sistemas <strong>CONTRAT@ y SILTRA<\/strong>. Elegirnos significa optar por una formaci\u00f3n completa y actualizada, dise\u00f1ada para brindarte las competencias necesarias para destacar y crecer profesionalmente en el \u00e1mbito de la gesti\u00f3n laboral.<\/p>","educalms_objectives":"<ul><li><p>Comprender el funcionamiento del sistema de <strong>Seguridad Social<\/strong> y su r\u00e9gimen general.<\/p><\/li><li><p>Identificar las <strong>acciones protectoras <\/strong>de la Seguridad Social y sus beneficios.<\/p><\/li><li><p>Describir los<strong> procesos de jubilaci\u00f3n<\/strong> y sus requisitos legales.<\/p><\/li><li><p>Analizar la protecci\u00f3n por <strong>desempleo<\/strong> y sus procedimientos asociados.<\/p><\/li><li><p>Explicar el derecho procesal laboral y su aplicaci\u00f3n en <strong>conflictos laborales.<\/strong><\/p><\/li><li><p>Manejar los sistemas<strong> Contrat@ y SILTRA <\/strong>para la gesti\u00f3n laboral eficiente.<\/p><\/li><\/ul>","educalms_what_prepares_you_for":"<p>El curso <strong>Gesti\u00f3n laboral II: Seguridad Social, Derecho procesal<\/strong> te capacita para manejar con destreza el sistema de Seguridad Social y sus reg\u00edmenes, optimizar la gesti\u00f3n de jubilaciones y desempleo, y comprender el derecho procesal laboral. Aprender\u00e1s a utilizar eficazmente los sistemas <strong>CONTRAT@ y SILTRA<\/strong> para la gesti\u00f3n de cotizaciones y comunicaciones, mejorando as\u00ed la eficiencia en la administraci\u00f3n laboral. Estar\u00e1s preparado para asesorar en <strong>procesos laborales<\/strong> y resolver con confianza situaciones del <strong>\u00e1mbito social y jur\u00eddico.<\/strong><\/p>","educalms_audience":"<p>Este curso est\u00e1 dirigido a profesionales y titulados del <strong>\u00e1mbito laboral<\/strong> interesados en profundizar en temas clave como el sistema de <strong>seguridad social,<\/strong> la protecci\u00f3n por desempleo y el derecho procesal laboral. Ideal para quienes buscan actualizar sus conocimientos sobre el sistema <strong>CONTRAT@, SILTRA<\/strong> y el orden jurisdiccional social, entre otros aspectos relevantes del sector.<\/p>","educalms_academies":"899","educalms_area_group":"Corporativo","educalms_area_id":"14","educalms_area_name":"RRHH","educalms_academy_ids":"899"},"mooc_category":[974,1005,975],"class_list":["post-10258","mooc_course","type-mooc_course","status-publish","hentry","mooc_category-corporativo","mooc_category-laboral-legal-seguridad-y-salud","mooc_category-rrhh"],"_links":{"self":[{"href":"https:\/\/educa.pro\/en\/wp-json\/wp\/v2\/mooc_course\/10258","targetHints":{"allow":["GET"]}}],"collection":[{"href":"https:\/\/educa.pro\/en\/wp-json\/wp\/v2\/mooc_course"}],"about":[{"href":"https:\/\/educa.pro\/en\/wp-json\/wp\/v2\/types\/mooc_course"}],"wp:attachment":[{"href":"https:\/\/educa.pro\/en\/wp-json\/wp\/v2\/media?parent=10258"}],"wp:term":[{"taxonomy":"mooc_category","embeddable":true,"href":"https:\/\/educa.pro\/en\/wp-json\/wp\/v2\/mooc_category?post=10258"}],"curies":[{"name":"wp","href":"https:\/\/api.w.org\/{rel}","templated":true}]}}

<p>Este curso está dirigido a profesionales y titulados del ámbito laboral interesados en profundizar en temas clave como el sistema de seguridad social, la protección por desempleo y el derecho procesal laboral. Ideal para quienes buscan actualizar sus conocimientos sobre el sistema CONTRAT@, SILTRA y el orden jurisdiccional social, entre otros aspectos relevantes del sector.</p>

Seguridad Social, Régimen General, Acción protectora, Jubilación, Protección por desempleo, Derecho procesal laboral, Orden jurisdiccional social, Partes en el proceso laboral, Sistema Contrat@, Sistema SILTRA, Gestión de nóminas, Derecho laboral, Litigios laborales, Seguridad jurídica, Prestaciones sociales

Gestión laboral II: Seguridad Social, Derecho procesal

<p>El curso <strong>Gestión laboral II: Seguridad Social</strong>, <strong>Derecho procesal </strong>es tu puerta de entrada al dinámico y esencial mundo de la gestión laboral y la Seguridad Social. En una era donde el conocimiento de los sistemas de Seguridad Social y el derecho procesal laboral son más cruciales que nunca, este curso te equipa con las habilidades necesarias para sobresalir en un sector en <strong>constante crecimiento</strong> y con alta demanda laboral. Aprenderás sobre el <strong>régimen general </strong>de la Seguridad Social, la acción protectora, la jubilación, y la protección por desempleo, entre otros temas vitales. Además, te sumergirás en el ámbito del <strong>derecho procesal laboral,</strong> abordando el orden jurisdiccional social y las partes en el proceso laboral, así como herramientas clave como los sistemas <strong>CONTRAT@ y SILTRA</strong>. Elegirnos significa optar por una formación completa y actualizada, diseñada para brindarte las competencias necesarias para destacar y crecer profesionalmente en el ámbito de la gestión laboral.</p>

<ul><li><p>Comprender el funcionamiento del sistema de <strong>Seguridad Social</strong> y su régimen general.</p></li><li><p>Identificar las <strong>acciones protectoras </strong>de la Seguridad Social y sus beneficios.</p></li><li><p>Describir los<strong> procesos de jubilación</strong> y sus requisitos legales.</p></li><li><p>Analizar la protección por <strong>desempleo</strong> y sus procedimientos asociados.</p></li><li><p>Explicar el derecho procesal laboral y su aplicación en <strong>conflictos laborales.</strong></p></li><li><p>Manejar los sistemas<strong> Contrat@ y SILTRA </strong>para la gestión laboral eficiente.</p></li></ul>

<p>El curso <strong>Gestión laboral II: Seguridad Social, Derecho procesal</strong> te capacita para manejar con destreza el sistema de Seguridad Social y sus regímenes, optimizar la gestión de jubilaciones y desempleo, y comprender el derecho procesal laboral. Aprenderás a utilizar eficazmente los sistemas <strong>CONTRAT@ y SILTRA</strong> para la gestión de cotizaciones y comunicaciones, mejorando así la eficiencia en la administración laboral. Estarás preparado para asesorar en <strong>procesos laborales</strong> y resolver con confianza situaciones del <strong>ámbito social y jurídico.</strong></p>

<p>Este curso está dirigido a profesionales y titulados del <strong>ámbito laboral</strong> interesados en profundizar en temas clave como el sistema de <strong>seguridad social,</strong> la protección por desempleo y el derecho procesal laboral. Ideal para quienes buscan actualizar sus conocimientos sobre el sistema <strong>CONTRAT@, SILTRA</strong> y el orden jurisdiccional social, entre otros aspectos relevantes del sector.</p>
